-k - 0 + 5. Suppose -5*w + 1 = 2*t + 10, k*w = -4*t - 3. List the prime factors of 25 + (-4 - w) + 0.
2, 3
What are the prime factors of ((-12)/(-10))/(91885/(-22975) - -4)?
2, 919
Let z(w) = -433*w**3 + 4*w**2 + 3*w - 3. What are the prime factors of z(-2)?
3, 13, 89
Let n(p) = -2*p**2 + 55*p + 25. Let f be n(27). Let z(c) = c - 1. Let b be z(5). Suppose -b*d + 5*d = f. List the prime factors of d.
2, 13
Let t(b) = 0*b + b + 33 - 45. Let l be t(15). Suppose j - 124 = -5*c, -l*c - 2*j + 40 = -33. What are the prime factors of c?
5
Let l(a) = -a**3 + 39*a**2 + 22*a + 44. What are the prime factors of l(37)?
2, 29, 31
Let u(n) = 9*n**2 - 97*n - 3. What are the prime factors of u(-5)?
7, 101
Let d = -71 - -993. List the prime factors of d.
2, 461
Let g be 2 - (1 + 1 - -2). Suppose 11*n = 12*n - 4. What are the prime factors of (n/g)/((-2)/17)?
17
Let k = 1194 - 819. List the prime factors of k.
3, 5
Let m = 33 - 27. Let o(r) be the second derivative of r**3/2 - 4*r**2 + 2*r. List the prime factors of o(m).
2, 5
Suppose y - 6*y - 5*a + 10 = 0, -a = 2*y. Let c be ((-48)/(-20) + y)*5. What are the prime factors of c*(-3)/12*-18?
3
Let w(f) = 6*f + 2. Let d be w(1). Let u = d - 8. Suppose 4*x = -4*s + 16, u*x - 4*s - 32 = -2*x. What are the prime factors of x?
2
Suppose -7560 = -271*n + 263*n. List the prime factors of n.
3, 5, 7
Let d(o) = -4 - 47*o + 5 + 15*o. List the prime factors of d(-4).
3, 43
Let d(g) = -g**3 + 4*g**2 + 2*g - 7. Let t be d(4). Let k(i) = 300*i + 4. Let y be k(t). What are the prime factors of ((-45)/4)/((-57)/y)?
2, 3, 5
Let t be 3/(3 - 4) - -65. Let r = 203 - t. What are the prime factors of r?
3, 47
Suppose -14 - 25 = -3*w. Let o(c) = -c**3 + 13*c**2 + 6*c - 21. What are the prime factors of o(w)?
3, 19
Let l(a) = -11*a**2 + a. Let p be l(-1). Let o be (6/4)/(p/(-40)). Suppose o = -u + 57. List the prime factors of u.
2, 13
Let b(v) = -2*v**2 + 17*v + 24. Let i be b(10). What are the prime factors of ((-6)/3)/(i/13)*51?
13, 17
Suppose 2*k = -5*k + 2660. What are the prime factors of k?
2, 5, 19
Suppose 46 = 3*i - 4*u, -19 = -3*i + u + 42. Suppose 3*o - 88 = -i. List the prime factors of o.
2, 11
What are the prime factors of 42/12 + -5 - 23395/(-10)?
2, 7, 167
Let g = -2 + 4. Suppose g*o + o - 18 = 0. What are the prime factors of (-21)/(-6) - (-9)/o?
5
Let d be (3 + 41)/(1 + 21/(-27)). Suppose d + 44 = 3*u - z, 0 = u - z - 80. What are the prime factors of u?
3
Suppose 0 = 7*f - 2*f - 1550. What are the prime factors of f?
2, 5, 31
Suppose 933 = 3*i - 0*i + 3*d, -5*d - 1289 = -4*i. What are the prime factors of i?
2, 79
Let r = 1698 + -1198. List the prime factors of r.
2, 5
Let b(z) = z - 6. Let f be b(6). Suppose -s - 7 = -3*h - h, f = 5*h - 3*s - 14. Let w(a) = 37*a + 1. What are the prime factors of w(h)?
2, 19
Suppose 19629 = 12*y - 10083. What are the prime factors of y?
2, 619
List the prime factors of (7880/(-25))/(((-12)/(-20))/(-3)).
2, 197
Suppose -11*g + 9*g + 4 = 0. Suppose -5*w - 8 = g*b, 3*w = -b - 1 - 1. Let k(j) = j**3 + 13*j**2 - 17*j - 14. What are the prime factors of k(b)?
2, 7
Let m = 40 + -18. Let p = -37 + 27. List the prime factors of (-9 + 4)*m/p.
11
Suppose -3*t = -35 + 26. Suppose -t*m - r = -2*r - 507, 0 = -4*m - 5*r + 657. List the prime factors of m.
2, 3, 7
Let k = 48 - 44. Suppose 0 = -k*t + 6*t - 40. List the prime factors of t.
2, 5
Let v(u) = 2*u**2 - 5*u - 3. Let y(m) be the first derivative of m**3/3 + m**2/2 - m - 5. Let h(n) = -v(n) + 4*y(n). List the prime factors of h(-6).
17
Let l(g) = -3 + 0*g**2 - 2*g + 1 + 11*g**3 + 5*g**2 - g**2. List the prime factors of l(2).
2, 7
Suppose -3*f + 4 + 2 = 0. Suppose -k - 620 = -5*z + 2*k, 2*k = f*z - 252. Suppose 0 = -5*r - 0*p + p + 156, -4*r - 3*p + z = 0. What are the prime factors of r?
31
Let q(o) = 10*o - 74. Let h be q(10). Suppose -4*r + 19 = -7*r + 4*x, 3*r - 5*x = -20. Let v = h + r. What are the prime factors of v?
3, 7
Suppose 5*k = 3*k + 14. Let c = 54 + k. List the prime factors of c.
61
Let b = -47 - -71. List the prime factors of b/(-9)*-36 + -1.
5, 19
Let v(k) be the first derivative of k**2/2 + 5*k - 2. Let r = -7 + 12. List the prime factors of v(r).
2, 5
Let l = 27 + -17. What are the prime factors of (-1 - 1)*(-4 + (-515)/l)?
3, 37
Suppose 90 = -3*v + 615. Suppose 5*d = -4*p + 224, 27 - v = -3*d + p. List the prime factors of d.
2, 3
Let v be 0 - -4 - (6 + 46). Let g = 91 + v. List the prime factors of g.
43
Let c = 21 - 15. Suppose c*h - 7*h + 110 = 0. List the prime factors of h.
2, 5, 11
Suppose -13 = -4*j - 4*s - 245, -154 = 3*j - s. Let v = j + 209. What are the prime factors of v?
2, 3, 13
Suppose x = 3 - 1. Let w = x - -1. Suppose -141 + 11 = -5*t - 3*u, w*t - u = 64. List the prime factors of t.
23
Suppose 5*h - 3*h - q - 1166 = 0, q + 584 = h. List the prime factors of h.
2, 3, 97
Let z = -36 + 21. Let f = 11 - z. Suppose -2*q + 75 = q + 3*m, 0 = q + 2*m - f. List the prime factors of q.
2, 3
Let q(x) = -x**3 + 7*x**2 - 4. Let c be q(7). Let u(f) = 3*f**2 + f**3 + 4*f**2 - 3*f + 4 + 2 + 9*f. List the prime factors of u(c).
2, 3, 5
Let y = 87 - 77. Suppose -y*n = -669 + 179. What are the prime factors of n?
7
Suppose -24*w - 1160 = -h - 26*w, 0 = -4*h + 2*w + 4620. What are the prime factors of h?
2, 17
Let x(q) = 8*q**2 - 133*q - 128. What are the prime factors of x(31)?
7, 491
Suppose -d = -2*k + 3 + 6, -5*k + 3*d = -21. Suppose -5*i = -k*i + 20. List the prime factors of i.
2, 5
Suppose 3*l = 5*n + 433, -l - n + 50 = -97. Let u be 2*-1*l/(-4). Let q = u - 50. List the prime factors of q.
23
Let b be 2*(3 - 4) + 10. Suppose 4 = b*k - 4*k. Suppose 2 = p - k. What are the prime factors of p?
3
Let d = -106 + 151. List the prime factors of d.
3, 5
Suppose 28*q = 26*q + 360. List the prime factors of q.
2, 3, 5
Let h(p) = -p**3 + 29*p**2 + 28*p - 70. What are the prime factors of h(28)?
2, 7, 107
Let v be (-14)/7 + -201 + 0 + 2. Let t = v + 358. What are the prime factors of t?
157
Suppose 4*m + 138 + 154 = -4*g, g + 5 = 0. Let q = m - -118. What are the prime factors of q?
2, 5
Let u = -78 - -86. Let n(q) = 7 + 2 + q + q. What are the prime factors of n(u)?
5
Let w(t) = 2*t**2 - 36*t + 26. Let p(s) = -s**2 - 13*s - 22. Let u be p(-8). What are the prime factors of w(u)?
2, 13
Suppose x - 6 = -3. Let f be 1/5 - 14/(-5). Suppose -w = -x*n - 5*w + 10, 4*w + 26 = f*n. List the prime factors of n.
2, 3
Suppose 2*j = 5 + 5. Suppose -7*g + 0*g = 2*g. Suppose g = -2*k - t + 51, -k - j*t = -23 + 2. List the prime factors of k.
2, 13
List the prime factors of (-609)/(-28) - 2/(-8).
2, 11
Suppose 0 = h - 35 - 362. List the prime factors of h.
397
Suppose 1659 = 9*o - 771. List the prime factors of o.
2, 3, 5
Let n(f) = -3*f**2 - f - 3*f**2 + 7 + 10*f**2 - 3*f. What are the prime factors of n(3)?
31
Suppose 0 = -3*h + 7*h + 52. Let j = h - -82. What are the prime factors of j?
3, 23
Let s = -7349 + 10599. Suppose -12*y = 442 - s. What are the prime factors of y?
2, 3, 13
Let v(g) = g**2 - 1. Let q = 15 - 14. Let s be v(q). Suppose -m = -s*m - 3*w - 16, 4*w - 42 = -5*m. List the prime factors of m.
2, 5
Let a = 51 - 49. Suppose 3*r = 5*q - 387, -367 = -5*q - 2*r - 0*r. Suppose a*b + b = q. What are the prime factors of b?
5
Suppose 0 = -2*s + z + 1645, 2*s + z - 992 = 651. What are the prime factors of s?
2, 3, 137
Let l = -1558 + 2665. List the prime factors of l.
3, 41
Let o = 687 - 546. List the prime factors of o.
3, 47
Suppose 0 = 2*x - 4, -m - 3*x = -8. Let c be 2/2 + (-1 - 0). Suppose -3*u - 5 + m = c, -4*u = -a + 29. What are the prime factors of a?
5
Let n(p) be the first derivative of p**4/4 - 19*p**3/3 - 19*p**2 + 15*p - 6. List the prime factors of n(21).
3, 11
Let o(p) = p**3 + 14*p**2 - 15*p + 6. List the prime factors of o(5).
2, 7, 29
Let o(a) = a**3 - 17*a**2 - 3*a + 9. Let c be o(17). Let z = c - -195. List the prime factors of z.
3, 17
Let y be (1 + -1 - 0) + 3. Let a = -15 + 20. Suppose -r + 28 = -m, -a*r + m + 119 = y*m. List the prime factors of r.
5
Suppose 0 = -4*q + 12, q + 10334 = 5*i - q. What are the prime factors of i?
2, 11, 47
Let v(l) = -2*l**3 - 3*l**2 + 6*l - 20. What are the prime factors of v(-6)?
2, 67
Let f be (-4 + 3)*1*-2. Suppose -t + 12 = -3*c, -2*c - 22 = f*t + 2*t. What are the pr